2 and 447048954?
22
Calculate the highest common divisor of 104505752 and 36920.
7384
What is the highest common factor of 6090538 and 322?
46
Calculate the greatest common factor of 203853485 and 110.
55
Calculate the highest common factor of 621781 and 31507.
643
Calculate the greatest common factor of 313396 and 441988.
188
What is the greatest common factor of 11202 and 55674?
6
What is the highest common divisor of 12545 and 2045800?
965
Calculate the greatest common divisor of 57 and 576375279.
57
What is the greatest common factor of 52129 and 232727?
11
Calculate the highest common divisor of 10 and 8891585.
5
Calculate the greatest common divisor of 651 and 30229311.
21
Calculate the highest common factor of 45223 and 319267.
41
Calculate the greatest common factor of 112764 and 60.
12
Calculate the highest common divisor of 5449000 and 50.
50
Calculate the highest common factor of 104359770 and 4896.
306
What is the highest common factor of 3206173 and 7064?
883
What is the highest common factor of 417816361 and 17?
17
Calculate the highest common factor of 15047940 and 180.
60
Calculate the greatest common factor of 981 and 52898572.
109
What is the highest common divisor of 1702555 and 32190?
185
What is the greatest common divisor of 6230 and 438770?
890
Calculate the highest common factor of 931973 and 2436.
203
What is the greatest common factor of 42570 and 268479530?
4730
Calculate the greatest common factor of 131365 and 699595.
3055
What is the highest common factor of 929704 and 118472?
2008
What is the highest common factor of 4448 and 1511008?
32
Calculate the highest common factor of 39959760 and 1503.
501
What is the highest common divisor of 2244 and 1407396?
204
What is the highest common factor of 122 and 292228918?
122
What is the highest common divisor of 181655839 and 158?
79
What is the highest common divisor of 78680 and 3011477?
1967
Calculate the greatest common factor of 39319 and 2128228.
41
Calculate the greatest common divisor of 7051 and 1029490.
11
What is the highest common factor of 330 and 4747710?
330
What is the greatest common factor of 17816881 and 184?
23
Calculate the highest common factor of 1334321 and 486464.
691
Calculate the greatest common factor of 482556 and 228.
12
What is the highest common factor of 7938718 and 33982?
2614
What is the greatest common factor of 18 and 118541322?
18
What is the highest common divisor of 1125596 and 124676?
1756
What is the highest common factor of 583 and 2793934?
11
Calculate the greatest common divisor of 4081678 and 9726.
3242
Calculate the greatest common divisor of 1978 and 3115166.
46
Calculate the greatest common divisor of 4544 and 75610456.
568
What is the greatest common factor of 17699282 and 6877?
529
Calculate the greatest common factor of 7812 and 1006.
2
What is the highest common divisor of 959954 and 5429?
89
What is the greatest common divisor of 696 and 333007?
29
Calculate the greatest common divisor of 24963 and 472413.
471
Calculate the greatest common divisor of 25966 and 144.
2
What is the greatest common divisor of 2379618 and 4847?
37
What is the highest common factor of 2058 and 3849636?
294
What is the greatest common divisor of 99047247 and 1482?
741
Calculate the highest common factor of 23450 and 711138.
134
What is the greatest common factor of 17913 and 1493667?
21
What is the highest common factor of 144575059 and 7431?
2477
Calculate the highest common factor of 1288 and 40252024.
184
What is the greatest common factor of 10493540 and 860?
20
Calculate the highest common divisor of 119086 and 979.
11
What is the greatest common factor of 1026 and 19434492?
1026
What is the highest common factor of 12 and 1683921?
3
Calculate the highest common divisor of 33396 and 924324.
276
What is the greatest common divisor of 2172 and 67554630?
1086
Calculate the greatest common divisor of 34239363 and 4017.
309
Calculate the greatest common divisor of 3130144 and 1184.
32
Calculate the greatest common divisor of 397184 and 90094.
214
Calculate the highest common divisor of 165129 and 6669.
57
Calculate the greatest common divisor of 19461523 and 174.
29
Calculate the highest common factor of 1738 and 54527.
11
Calculate the highest common factor of 1116 and 5455917.
9
What is the greatest common divisor of 18592 and 1620409?
581
Calculate the greatest common divisor of 103248189 and 27.
27
Calculate the highest common divisor of 1387296 and 963.
9
What is the greatest common factor of 496 and 13981248?
496
Calculate the highest common divisor of 162507175 and 50.
25
What is the greatest common divisor of 290289920 and 48?
16
What is the greatest common divisor of 30924604 and 3768?
628
What is the greatest common factor of 3990321 and 45?
9
What is the greatest common factor of 10284 and 227202698?
1714
What is the highest common factor of 435342568 and 32?
8
Calculate the highest common factor of 2443570 and 120.
10
What is the greatest common divisor of 30 and 1198655?
5
What is the greatest common factor of 60 and 3168045?
15
What is the greatest common factor of 77918021 and 731?
731
Calculate the highest common divisor of 6752228 and 168.
28
What is the highest common factor of 16793076 and 5634?
1878
Calculate the highest common factor of 31783675 and 152.
19
Calculate the highest common divisor of 14319225 and 6570.
45
What is the highest common factor of 429 and 1559173?
11
What is the greatest common factor of 1218921535 and 1235?
1235
Calculate the greatest common divisor of 283613805 and 1035.
1035
What is the highest common divisor of 9366516 and 6264?
108
Calculate the greatest common divisor of 315184 and 90064.
16
What is the highest common factor of 136960 and 43870?
1070
What is the greatest common factor of 13115 and 119296663?
2623
Calculate the highest common divisor of 8102732 and 572.
44
Calculate the greatest common factor of 24652255 and 185.
5
Calculate the highest common factor of 477 and 139467221.
53
Calculate the highest common divisor of 2420 and 472018580.
2420
Calculate the greatest common factor of 30 and 154382295.
15
What is the greatest common factor of 513 and 44724?
3
What is the highest common factor of 323178 and 238266?
366
Calculate the greatest common factor of 5232 and 3754941.
327
What is the highest common divisor of 15200929 and 14404?
277
What is the highest common factor of 850851 and 1728?
27
Calculate the highest common divisor of 600392 and 29003.
299
Calculate the highest common divisor of 48178 and 27625.
221
Calculate the highest common factor of 235511352 and 276.
276
What is the highest common divisor of 76946 and 66202?
158
What is the highest common divisor of 32 and 441285520?
16
Calculate the greatest common divisor of 365735 and 105185.
965
Calculate the highest common factor of 28806 and 2526.
6
Calculate the highest common factor of 1697382 and 238.
34
Calculate the highest common divisor of 1695 and 527295.
15
What is the greatest common divisor of 2436 and 16917324?
348
Calculate the highest common divisor of 38464493 and 114.
19
What is the greatest common divisor of 72 and 5547942?
18
What is the greatest common divisor of 690 and 1863385?
5
Calculate the highest common factor of 105 and 876132915.
105
Calculate the highest common divisor of 39829399 and 46.
23
What is the greatest common factor of 8819748 and 35712?
1116
Calculate the highest common factor of 3133540 and 180.
20
Calculate the greatest common divisor of 1190 and 11552660.
70
What is the highest common factor of 157042809 and 1197?
1197
What is the greatest common divisor of 358706 and 877462?
194
Calculate the greatest common factor of 2960 and 1190296.
8
Calculate the greatest common factor of 1373712 and 128.
16
What is the highest common divisor of 29977 and 617913?
967
Calculate the highest common divisor of 460 and 21918885.
115
What is the highest common divisor of 5265 and 3473055?
45
What is the highest common factor of 3531 and 1084308896?
1177
What is the highest common factor of 96 and 110067?
3
What is the highest common divisor of 4405652 and 2516?
68
What is the greatest common divisor of 19989003 and 106?
53
Calculate the greatest common factor of 246252171 and 55.
11
Calculat